{"id":11534,"date":"2025-09-29T11:22:05","date_gmt":"2025-09-29T16:22:05","guid":{"rendered":"https:\/\/cmdnmollendo.com\/?page_id=11534"},"modified":"2025-10-24T09:42:49","modified_gmt":"2025-10-24T14:42:49","slug":"procedimientos","status":"publish","type":"page","link":"https:\/\/cmdnmollendo.com\/index.php\/procedimientos\/","title":{"rendered":"Procedimientos"},"content":{"rendered":"\t\t<div data-elementor-type=\"wp-page\" data-elementor-id=\"11534\" class=\"elementor elementor-11534\" data-elementor-post-type=\"page\">\n\t\t\t\t<div class=\"elementor-element elementor-element-6140c59 e-flex e-con-boxed e-con e-parent\" data-id=\"6140c59\" data-element_type=\"container\">\n\t\t\t\t\t<div class=\"e-con-inner\">\n\t\t<div class=\"elementor-element elementor-element-dc524e5 e-con-full e-flex e-con e-child\" data-id=\"dc524e5\" data-element_type=\"container\">\n\t\t\t\t<div class=\"elementor-element elementor-element-672a0dd elementor-widget elementor-widget-heading\" data-id=\"672a0dd\" data-element_type=\"widget\" data-widget_type=\"heading.default\">\n\t\t\t\t<div class=\"elementor-widget-container\">\n\t\t\t\t\t<h2 class=\"elementor-heading-title elementor-size-default\">Contamos con procedimientos en las especialidades como:<\/h2>\t\t\t\t<\/div>\n\t\t\t\t<\/div>\n\t\t\t\t<\/div>\n\t\t\t\t\t<\/div>\n\t\t\t\t<\/div>\n\t\t<div class=\"elementor-element elementor-element-299d805 e-flex e-con-boxed e-con e-parent\" data-id=\"299d805\" data-element_type=\"container\">\n\t\t\t\t\t<div class=\"e-con-inner\">\n\t\t<div class=\"elementor-element elementor-element-ed2cd15 e-con-full e-flex e-con e-child\" data-id=\"ed2cd15\" data-element_type=\"container\">\n\t\t<div class=\"elementor-element elementor-element-5fe50db e-con-full e-flex e-con e-child\" data-id=\"5fe50db\" data-element_type=\"container\">\n\t\t\t\t<div class=\"elementor-element elementor-element-bc242ba elementor-widget elementor-widget-image\" data-id=\"bc242ba\" data-element_type=\"widget\" data-widget_type=\"image.default\">\n\t\t\t\t<div class=\"elementor-widget-container\">\n\t\t\t\t\t\t\t\t\t\t\t\t\t\t\t<img fetchpriority=\"high\" decoding=\"async\" width=\"1707\" height=\"1600\" src=\"https:\/\/cmdnmollendo.com\/wp-content\/uploads\/2025\/10\/derma-scaled-e1760719718263.jpg\" class=\"attachment-full size-full wp-image-11564\" alt=\"\" srcset=\"https:\/\/cmdnmollendo.com\/wp-content\/uploads\/2025\/10\/derma-scaled-e1760719718263.jpg 1707w, https:\/\/cmdnmollendo.com\/wp-content\/uploads\/2025\/10\/derma-scaled-e1760719718263-300x281.jpg 300w, https:\/\/cmdnmollendo.com\/wp-content\/uploads\/2025\/10\/derma-scaled-e1760719718263-1024x960.jpg 1024w, https:\/\/cmdnmollendo.com\/wp-content\/uploads\/2025\/10\/derma-scaled-e1760719718263-768x720.jpg 768w, https:\/\/cmdnmollendo.com\/wp-content\/uploads\/2025\/10\/derma-scaled-e1760719718263-1536x1440.jpg 1536w\" sizes=\"(max-width: 1707px) 100vw, 1707px\" \/>\t\t\t\t\t\t\t\t\t\t\t\t\t\t\t<\/div>\n\t\t\t\t<\/div>\n\t\t\t\t<div class=\"elementor-element elementor-element-bd305ef elementor-widget elementor-widget-text-editor\" data-id=\"bd305ef\" data-element_type=\"widget\" data-widget_type=\"text-editor.default\">\n\t\t\t\t<div class=\"elementor-widget-container\">\n\t\t\t\t\t\t\t\t\t<p>Los procedimientos dermatol\u00f3gicos ayudan a cuidar, tratar y mejorar la piel. Incluyen tratamientos m\u00e9dicos y est\u00e9ticos que buscan mantener su salud y apariencia.<\/p>\t\t\t\t\t\t\t\t<\/div>\n\t\t\t\t<\/div>\n\t\t\t\t<div class=\"elementor-element elementor-element-b1a1ced elementor-widget elementor-widget-button\" data-id=\"b1a1ced\" data-element_type=\"widget\" data-widget_type=\"button.default\">\n\t\t\t\t<div class=\"elementor-widget-container\">\n\t\t\t\t\t\t\t\t\t<div class=\"elementor-button-wrapper\">\n\t\t\t\t\t<a class=\"elementor-button elementor-button-link elementor-size-sm\" href=\"#\">\n\t\t\t\t\t\t<span class=\"elementor-button-content-wrapper\">\n\t\t\t\t\t\t\t\t\t<span class=\"elementor-button-text\">Cita<\/span>\n\t\t\t\t\t<\/span>\n\t\t\t\t\t<\/a>\n\t\t\t\t<\/div>\n\t\t\t\t\t\t\t\t<\/div>\n\t\t\t\t<\/div>\n\t\t\t\t<\/div>\n\t\t\t\t<\/div>\n\t\t<div class=\"elementor-element elementor-element-4b90bda e-con-full e-flex e-con e-child\" data-id=\"4b90bda\" data-element_type=\"container\">\n\t\t<div class=\"elementor-element elementor-element-e635ce4 e-con-full e-flex e-con e-child\" data-id=\"e635ce4\" data-element_type=\"container\">\n\t\t\t\t<div class=\"elementor-element elementor-element-6d5b938 elementor-widget elementor-widget-image\" data-id=\"6d5b938\" data-element_type=\"widget\" data-widget_type=\"image.default\">\n\t\t\t\t<div class=\"elementor-widget-container\">\n\t\t\t\t\t\t\t\t\t\t\t\t\t\t\t<img fetchpriority=\"high\" decoding=\"async\" width=\"1707\" height=\"1600\" src=\"https:\/\/cmdnmollendo.com\/wp-content\/uploads\/2025\/10\/derma-scaled-e1760719718263.jpg\" class=\"attachment-full size-full wp-image-11564\" alt=\"\" srcset=\"https:\/\/cmdnmollendo.com\/wp-content\/uploads\/2025\/10\/derma-scaled-e1760719718263.jpg 1707w, https:\/\/cmdnmollendo.com\/wp-content\/uploads\/2025\/10\/derma-scaled-e1760719718263-300x281.jpg 300w, https:\/\/cmdnmollendo.com\/wp-content\/uploads\/2025\/10\/derma-scaled-e1760719718263-1024x960.jpg 1024w, https:\/\/cmdnmollendo.com\/wp-content\/uploads\/2025\/10\/derma-scaled-e1760719718263-768x720.jpg 768w, https:\/\/cmdnmollendo.com\/wp-content\/uploads\/2025\/10\/derma-scaled-e1760719718263-1536x1440.jpg 1536w\" sizes=\"(max-width: 1707px) 100vw, 1707px\" \/>\t\t\t\t\t\t\t\t\t\t\t\t\t\t\t<\/div>\n\t\t\t\t<\/div>\n\t\t\t\t<div class=\"elementor-element elementor-element-41275d9 elementor-widget elementor-widget-text-editor\" data-id=\"41275d9\" data-element_type=\"widget\" data-widget_type=\"text-editor.default\">\n\t\t\t\t<div class=\"elementor-widget-container\">\n\t\t\t\t\t\t\t\t\t<p>Los procedimientos dermatol\u00f3gicos ayudan a cuidar, tratar y mejorar la piel. Incluyen tratamientos m\u00e9dicos y est\u00e9ticos que buscan mantener su salud y apariencia.<\/p>\t\t\t\t\t\t\t\t<\/div>\n\t\t\t\t<\/div>\n\t\t\t\t<div class=\"elementor-element elementor-element-3f084e2 elementor-widget elementor-widget-button\" data-id=\"3f084e2\" data-element_type=\"widget\" data-widget_type=\"button.default\">\n\t\t\t\t<div class=\"elementor-widget-container\">\n\t\t\t\t\t\t\t\t\t<div class=\"elementor-button-wrapper\">\n\t\t\t\t\t<a class=\"elementor-button elementor-button-link elementor-size-sm\" href=\"#\">\n\t\t\t\t\t\t<span class=\"elementor-button-content-wrapper\">\n\t\t\t\t\t\t\t\t\t<span class=\"elementor-button-text\">Cita<\/span>\n\t\t\t\t\t<\/span>\n\t\t\t\t\t<\/a>\n\t\t\t\t<\/div>\n\t\t\t\t\t\t\t\t<\/div>\n\t\t\t\t<\/div>\n\t\t\t\t<\/div>\n\t\t\t\t<\/div>\n\t\t<div class=\"elementor-element elementor-element-b89cedf e-con-full e-flex e-con e-child\" data-id=\"b89cedf\" data-element_type=\"container\">\n\t\t<div class=\"elementor-element elementor-element-4d3f491 e-con-full e-flex e-con e-child\" data-id=\"4d3f491\" data-element_type=\"container\">\n\t\t\t\t<div class=\"elementor-element elementor-element-c92dba7 elementor-widget elementor-widget-image\" data-id=\"c92dba7\" data-element_type=\"widget\" data-widget_type=\"image.default\">\n\t\t\t\t<div class=\"elementor-widget-container\">\n\t\t\t\t\t\t\t\t\t\t\t\t\t\t\t<img fetchpriority=\"high\" decoding=\"async\" width=\"1707\" height=\"1600\" src=\"https:\/\/cmdnmollendo.com\/wp-content\/uploads\/2025\/10\/derma-scaled-e1760719718263.jpg\" class=\"attachment-full size-full wp-image-11564\" alt=\"\" srcset=\"https:\/\/cmdnmollendo.com\/wp-content\/uploads\/2025\/10\/derma-scaled-e1760719718263.jpg 1707w, https:\/\/cmdnmollendo.com\/wp-content\/uploads\/2025\/10\/derma-scaled-e1760719718263-300x281.jpg 300w, https:\/\/cmdnmollendo.com\/wp-content\/uploads\/2025\/10\/derma-scaled-e1760719718263-1024x960.jpg 1024w, https:\/\/cmdnmollendo.com\/wp-content\/uploads\/2025\/10\/derma-scaled-e1760719718263-768x720.jpg 768w, https:\/\/cmdnmollendo.com\/wp-content\/uploads\/2025\/10\/derma-scaled-e1760719718263-1536x1440.jpg 1536w\" sizes=\"(max-width: 1707px) 100vw, 1707px\" \/>\t\t\t\t\t\t\t\t\t\t\t\t\t\t\t<\/div>\n\t\t\t\t<\/div>\n\t\t\t\t<div class=\"elementor-element elementor-element-cdf62c9 elementor-widget elementor-widget-text-editor\" data-id=\"cdf62c9\" data-element_type=\"widget\" data-widget_type=\"text-editor.default\">\n\t\t\t\t<div class=\"elementor-widget-container\">\n\t\t\t\t\t\t\t\t\t<p>Los procedimientos dermatol\u00f3gicos ayudan a cuidar, tratar y mejorar la piel. Incluyen tratamientos m\u00e9dicos y est\u00e9ticos que buscan mantener su salud y apariencia.<\/p>\t\t\t\t\t\t\t\t<\/div>\n\t\t\t\t<\/div>\n\t\t\t\t<div class=\"elementor-element elementor-element-d55305a elementor-widget elementor-widget-button\" data-id=\"d55305a\" data-element_type=\"widget\" data-widget_type=\"button.default\">\n\t\t\t\t<div class=\"elementor-widget-container\">\n\t\t\t\t\t\t\t\t\t<div class=\"elementor-button-wrapper\">\n\t\t\t\t\t<a class=\"elementor-button elementor-button-link elementor-size-sm\" href=\"#\">\n\t\t\t\t\t\t<span class=\"elementor-button-content-wrapper\">\n\t\t\t\t\t\t\t\t\t<span class=\"elementor-button-text\">Cita<\/span>\n\t\t\t\t\t<\/span>\n\t\t\t\t\t<\/a>\n\t\t\t\t<\/div>\n\t\t\t\t\t\t\t\t<\/div>\n\t\t\t\t<\/div>\n\t\t\t\t<\/div>\n\t\t\t\t<\/div>\n\t\t<div class=\"elementor-element elementor-element-e21d00a e-con-full elementor-hidden-tablet e-flex e-con e-child\" data-id=\"e21d00a\" data-element_type=\"container\">\n\t\t<div class=\"elementor-element elementor-element-3a70157 e-con-full e-flex e-con e-child\" data-id=\"3a70157\" data-element_type=\"container\">\n\t\t\t\t<div class=\"elementor-element elementor-element-1aea898 elementor-widget elementor-widget-image\" data-id=\"1aea898\" data-element_type=\"widget\" data-widget_type=\"image.default\">\n\t\t\t\t<div class=\"elementor-widget-container\">\n\t\t\t\t\t\t\t\t\t\t\t\t\t\t\t<img fetchpriority=\"high\" decoding=\"async\" width=\"1707\" height=\"1600\" src=\"https:\/\/cmdnmollendo.com\/wp-content\/uploads\/2025\/10\/derma-scaled-e1760719718263.jpg\" class=\"attachment-full size-full wp-image-11564\" alt=\"\" srcset=\"https:\/\/cmdnmollendo.com\/wp-content\/uploads\/2025\/10\/derma-scaled-e1760719718263.jpg 1707w, https:\/\/cmdnmollendo.com\/wp-content\/uploads\/2025\/10\/derma-scaled-e1760719718263-300x281.jpg 300w, https:\/\/cmdnmollendo.com\/wp-content\/uploads\/2025\/10\/derma-scaled-e1760719718263-1024x960.jpg 1024w, https:\/\/cmdnmollendo.com\/wp-content\/uploads\/2025\/10\/derma-scaled-e1760719718263-768x720.jpg 768w, https:\/\/cmdnmollendo.com\/wp-content\/uploads\/2025\/10\/derma-scaled-e1760719718263-1536x1440.jpg 1536w\" sizes=\"(max-width: 1707px) 100vw, 1707px\" \/>\t\t\t\t\t\t\t\t\t\t\t\t\t\t\t<\/div>\n\t\t\t\t<\/div>\n\t\t\t\t<div class=\"elementor-element elementor-element-1fc94a7 elementor-widget elementor-widget-text-editor\" data-id=\"1fc94a7\" data-element_type=\"widget\" data-widget_type=\"text-editor.default\">\n\t\t\t\t<div class=\"elementor-widget-container\">\n\t\t\t\t\t\t\t\t\t<p>Los procedimientos dermatol\u00f3gicos ayudan a cuidar, tratar y mejorar la piel. Incluyen tratamientos m\u00e9dicos y est\u00e9ticos que buscan mantener su salud y apariencia.<\/p>\t\t\t\t\t\t\t\t<\/div>\n\t\t\t\t<\/div>\n\t\t\t\t<div class=\"elementor-element elementor-element-f2f285e elementor-widget elementor-widget-button\" data-id=\"f2f285e\" data-element_type=\"widget\" data-widget_type=\"button.default\">\n\t\t\t\t<div class=\"elementor-widget-container\">\n\t\t\t\t\t\t\t\t\t<div class=\"elementor-button-wrapper\">\n\t\t\t\t\t<a class=\"elementor-button elementor-button-link elementor-size-sm\" href=\"#\">\n\t\t\t\t\t\t<span class=\"elementor-button-content-wrapper\">\n\t\t\t\t\t\t\t\t\t<span class=\"elementor-button-text\">Cita<\/span>\n\t\t\t\t\t<\/span>\n\t\t\t\t\t<\/a>\n\t\t\t\t<\/div>\n\t\t\t\t\t\t\t\t<\/div>\n\t\t\t\t<\/div>\n\t\t\t\t<\/div>\n\t\t\t\t<\/div>\n\t\t\t\t\t<\/div>\n\t\t\t\t<\/div>\n\t\t\t\t<\/div>\n\t\t","protected":false},"excerpt":{"rendered":"<p>Contamos con procedimientos en las especialidades como: Los procedimientos dermatol\u00f3gicos ayudan a cuidar, tratar y mejorar la piel. Incluyen tratamientos m\u00e9dicos y est\u00e9ticos que buscan mantener su salud y apariencia. Cita Los procedimientos dermatol\u00f3gicos ayudan a cuidar, tratar y mejorar la piel. Incluyen tratamientos m\u00e9dicos y est\u00e9ticos que buscan mantener su salud y apariencia. Cita [&hellip;]<\/p>\n","protected":false},"author":1,"featured_media":0,"parent":0,"menu_order":0,"comment_status":"closed","ping_status":"closed","template":"","meta":{"footnotes":""},"class_list":["post-11534","page","type-page","status-publish","hentry"],"yoast_head":"<!-- This site is optimized with the Yoast SEO plugin v25.5 - https:\/\/yoast.com\/wordpress\/plugins\/seo\/ -->\n<title>Procedimientos - Centro Medico Divino Ni\u00f1o Mollendo<\/title>\n<meta name=\"robots\" content=\"index, follow, max-snippet:-1, max-image-preview:large, max-video-preview:-1\" \/>\n<link rel=\"canonical\" href=\"https:\/\/cmdnmollendo.com\/index.php\/procedimientos\/\" \/>\n<meta property=\"og:locale\" content=\"es_ES\" \/>\n<meta property=\"og:type\" content=\"article\" \/>\n<meta property=\"og:title\" content=\"Procedimientos - Centro Medico Divino Ni\u00f1o Mollendo\" \/>\n<meta property=\"og:description\" content=\"Contamos con procedimientos en las especialidades como: Los procedimientos dermatol\u00f3gicos ayudan a cuidar, tratar y mejorar la piel. Incluyen tratamientos m\u00e9dicos y est\u00e9ticos que buscan mantener su salud y apariencia. Cita Los procedimientos dermatol\u00f3gicos ayudan a cuidar, tratar y mejorar la piel. Incluyen tratamientos m\u00e9dicos y est\u00e9ticos que buscan mantener su salud y apariencia. Cita [&hellip;]\" \/>\n<meta property=\"og:url\" content=\"https:\/\/cmdnmollendo.com\/index.php\/procedimientos\/\" \/>\n<meta property=\"og:site_name\" content=\"Centro Medico Divino Ni\u00f1o Mollendo\" \/>\n<meta property=\"article:modified_time\" content=\"2025-10-24T14:42:49+00:00\" \/>\n<meta property=\"og:image\" content=\"https:\/\/cmdnmollendo.com\/wp-content\/uploads\/2025\/10\/derma-scaled-e1760719718263.jpg\" \/>\n\t<meta property=\"og:image:width\" content=\"1707\" \/>\n\t<meta property=\"og:image:height\" content=\"1600\" \/>\n\t<meta property=\"og:image:type\" content=\"image\/jpeg\" \/>\n<meta name=\"twitter:card\" content=\"summary_large_image\" \/>\n<meta name=\"twitter:label1\" content=\"Est. reading time\" \/>\n\t<meta name=\"twitter:data1\" content=\"2 minutos\" \/>\n<script type=\"application\/ld+json\" class=\"yoast-schema-graph\">{\"@context\":\"https:\/\/schema.org\",\"@graph\":[{\"@type\":\"WebPage\",\"@id\":\"https:\/\/cmdnmollendo.com\/index.php\/procedimientos\/\",\"url\":\"https:\/\/cmdnmollendo.com\/index.php\/procedimientos\/\",\"name\":\"Procedimientos - Centro Medico Divino Ni\u00f1o Mollendo\",\"isPartOf\":{\"@id\":\"https:\/\/cmdnmollendo.com\/#website\"},\"primaryImageOfPage\":{\"@id\":\"https:\/\/cmdnmollendo.com\/index.php\/procedimientos\/#primaryimage\"},\"image\":{\"@id\":\"https:\/\/cmdnmollendo.com\/index.php\/procedimientos\/#primaryimage\"},\"thumbnailUrl\":\"https:\/\/cmdnmollendo.com\/wp-content\/uploads\/2025\/10\/derma-scaled-e1760719718263.jpg\",\"datePublished\":\"2025-09-29T16:22:05+00:00\",\"dateModified\":\"2025-10-24T14:42:49+00:00\",\"breadcrumb\":{\"@id\":\"https:\/\/cmdnmollendo.com\/index.php\/procedimientos\/#breadcrumb\"},\"inLanguage\":\"es-PE\",\"potentialAction\":[{\"@type\":\"ReadAction\",\"target\":[\"https:\/\/cmdnmollendo.com\/index.php\/procedimientos\/\"]}]},{\"@type\":\"ImageObject\",\"inLanguage\":\"es-PE\",\"@id\":\"https:\/\/cmdnmollendo.com\/index.php\/procedimientos\/#primaryimage\",\"url\":\"https:\/\/cmdnmollendo.com\/wp-content\/uploads\/2025\/10\/derma-scaled-e1760719718263.jpg\",\"contentUrl\":\"https:\/\/cmdnmollendo.com\/wp-content\/uploads\/2025\/10\/derma-scaled-e1760719718263.jpg\",\"width\":1707,\"height\":1600},{\"@type\":\"BreadcrumbList\",\"@id\":\"https:\/\/cmdnmollendo.com\/index.php\/procedimientos\/#breadcrumb\",\"itemListElement\":[{\"@type\":\"ListItem\",\"position\":1,\"name\":\"Portada\",\"item\":\"https:\/\/cmdnmollendo.com\/\"},{\"@type\":\"ListItem\",\"position\":2,\"name\":\"Procedimientos\"}]},{\"@type\":\"WebSite\",\"@id\":\"https:\/\/cmdnmollendo.com\/#website\",\"url\":\"https:\/\/cmdnmollendo.com\/\",\"name\":\"Centro Medico Divino Ni\u00f1o Mollendo\",\"description\":\"\",\"publisher\":{\"@id\":\"https:\/\/cmdnmollendo.com\/#organization\"},\"potentialAction\":[{\"@type\":\"SearchAction\",\"target\":{\"@type\":\"EntryPoint\",\"urlTemplate\":\"https:\/\/cmdnmollendo.com\/?s={search_term_string}\"},\"query-input\":{\"@type\":\"PropertyValueSpecification\",\"valueRequired\":true,\"valueName\":\"search_term_string\"}}],\"inLanguage\":\"es-PE\"},{\"@type\":\"Organization\",\"@id\":\"https:\/\/cmdnmollendo.com\/#organization\",\"name\":\"Centro Medico Divino Ni\u00f1o Mollendo\",\"url\":\"https:\/\/cmdnmollendo.com\/\",\"logo\":{\"@type\":\"ImageObject\",\"inLanguage\":\"es-PE\",\"@id\":\"https:\/\/cmdnmollendo.com\/#\/schema\/logo\/image\/\",\"url\":\"https:\/\/cmdnmollendo.com\/wp-content\/uploads\/2024\/11\/cmdn-mollendo-sin-fondo-removebg-preview.png\",\"contentUrl\":\"https:\/\/cmdnmollendo.com\/wp-content\/uploads\/2024\/11\/cmdn-mollendo-sin-fondo-removebg-preview.png\",\"width\":500,\"height\":500,\"caption\":\"Centro Medico Divino Ni\u00f1o Mollendo\"},\"image\":{\"@id\":\"https:\/\/cmdnmollendo.com\/#\/schema\/logo\/image\/\"}}]}<\/script>\n<!-- \/ Yoast SEO plugin. -->","yoast_head_json":{"title":"Procedimientos - Centro Medico Divino Ni\u00f1o Mollendo","robots":{"index":"index","follow":"follow","max-snippet":"max-snippet:-1","max-image-preview":"max-image-preview:large","max-video-preview":"max-video-preview:-1"},"canonical":"https:\/\/cmdnmollendo.com\/index.php\/procedimientos\/","og_locale":"es_ES","og_type":"article","og_title":"Procedimientos - Centro Medico Divino Ni\u00f1o Mollendo","og_description":"Contamos con procedimientos en las especialidades como: Los procedimientos dermatol\u00f3gicos ayudan a cuidar, tratar y mejorar la piel. Incluyen tratamientos m\u00e9dicos y est\u00e9ticos que buscan mantener su salud y apariencia. Cita Los procedimientos dermatol\u00f3gicos ayudan a cuidar, tratar y mejorar la piel. Incluyen tratamientos m\u00e9dicos y est\u00e9ticos que buscan mantener su salud y apariencia. Cita [&hellip;]","og_url":"https:\/\/cmdnmollendo.com\/index.php\/procedimientos\/","og_site_name":"Centro Medico Divino Ni\u00f1o Mollendo","article_modified_time":"2025-10-24T14:42:49+00:00","og_image":[{"width":1707,"height":1600,"url":"https:\/\/cmdnmollendo.com\/wp-content\/uploads\/2025\/10\/derma-scaled-e1760719718263.jpg","type":"image\/jpeg"}],"twitter_card":"summary_large_image","twitter_misc":{"Est. reading time":"2 minutos"},"schema":{"@context":"https:\/\/schema.org","@graph":[{"@type":"WebPage","@id":"https:\/\/cmdnmollendo.com\/index.php\/procedimientos\/","url":"https:\/\/cmdnmollendo.com\/index.php\/procedimientos\/","name":"Procedimientos - Centro Medico Divino Ni\u00f1o Mollendo","isPartOf":{"@id":"https:\/\/cmdnmollendo.com\/#website"},"primaryImageOfPage":{"@id":"https:\/\/cmdnmollendo.com\/index.php\/procedimientos\/#primaryimage"},"image":{"@id":"https:\/\/cmdnmollendo.com\/index.php\/procedimientos\/#primaryimage"},"thumbnailUrl":"https:\/\/cmdnmollendo.com\/wp-content\/uploads\/2025\/10\/derma-scaled-e1760719718263.jpg","datePublished":"2025-09-29T16:22:05+00:00","dateModified":"2025-10-24T14:42:49+00:00","breadcrumb":{"@id":"https:\/\/cmdnmollendo.com\/index.php\/procedimientos\/#breadcrumb"},"inLanguage":"es-PE","potentialAction":[{"@type":"ReadAction","target":["https:\/\/cmdnmollendo.com\/index.php\/procedimientos\/"]}]},{"@type":"ImageObject","inLanguage":"es-PE","@id":"https:\/\/cmdnmollendo.com\/index.php\/procedimientos\/#primaryimage","url":"https:\/\/cmdnmollendo.com\/wp-content\/uploads\/2025\/10\/derma-scaled-e1760719718263.jpg","contentUrl":"https:\/\/cmdnmollendo.com\/wp-content\/uploads\/2025\/10\/derma-scaled-e1760719718263.jpg","width":1707,"height":1600},{"@type":"BreadcrumbList","@id":"https:\/\/cmdnmollendo.com\/index.php\/procedimientos\/#breadcrumb","itemListElement":[{"@type":"ListItem","position":1,"name":"Portada","item":"https:\/\/cmdnmollendo.com\/"},{"@type":"ListItem","position":2,"name":"Procedimientos"}]},{"@type":"WebSite","@id":"https:\/\/cmdnmollendo.com\/#website","url":"https:\/\/cmdnmollendo.com\/","name":"Centro Medico Divino Ni\u00f1o Mollendo","description":"","publisher":{"@id":"https:\/\/cmdnmollendo.com\/#organization"},"potentialAction":[{"@type":"SearchAction","target":{"@type":"EntryPoint","urlTemplate":"https:\/\/cmdnmollendo.com\/?s={search_term_string}"},"query-input":{"@type":"PropertyValueSpecification","valueRequired":true,"valueName":"search_term_string"}}],"inLanguage":"es-PE"},{"@type":"Organization","@id":"https:\/\/cmdnmollendo.com\/#organization","name":"Centro Medico Divino Ni\u00f1o Mollendo","url":"https:\/\/cmdnmollendo.com\/","logo":{"@type":"ImageObject","inLanguage":"es-PE","@id":"https:\/\/cmdnmollendo.com\/#\/schema\/logo\/image\/","url":"https:\/\/cmdnmollendo.com\/wp-content\/uploads\/2024\/11\/cmdn-mollendo-sin-fondo-removebg-preview.png","contentUrl":"https:\/\/cmdnmollendo.com\/wp-content\/uploads\/2024\/11\/cmdn-mollendo-sin-fondo-removebg-preview.png","width":500,"height":500,"caption":"Centro Medico Divino Ni\u00f1o Mollendo"},"image":{"@id":"https:\/\/cmdnmollendo.com\/#\/schema\/logo\/image\/"}}]}},"_links":{"self":[{"href":"https:\/\/cmdnmollendo.com\/index.php\/wp-json\/wp\/v2\/pages\/11534","targetHints":{"allow":["GET"]}}],"collection":[{"href":"https:\/\/cmdnmollendo.com\/index.php\/wp-json\/wp\/v2\/pages"}],"about":[{"href":"https:\/\/cmdnmollendo.com\/index.php\/wp-json\/wp\/v2\/types\/page"}],"author":[{"embeddable":true,"href":"https:\/\/cmdnmollendo.com\/index.php\/wp-json\/wp\/v2\/users\/1"}],"replies":[{"embeddable":true,"href":"https:\/\/cmdnmollendo.com\/index.php\/wp-json\/wp\/v2\/comments?post=11534"}],"version-history":[{"count":34,"href":"https:\/\/cmdnmollendo.com\/index.php\/wp-json\/wp\/v2\/pages\/11534\/revisions"}],"predecessor-version":[{"id":11591,"href":"https:\/\/cmdnmollendo.com\/index.php\/wp-json\/wp\/v2\/pages\/11534\/revisions\/11591"}],"wp:attachment":[{"href":"https:\/\/cmdnmollendo.com\/index.php\/wp-json\/wp\/v2\/media?parent=11534"}],"curies":[{"name":"wp","href":"https:\/\/api.w.org\/{rel}","templated":true}]}}